5*s + 5075. Is (j/33)/((-2)/3) prime?
False
Let l = -6360 + 10780. Suppose 0 = -2*k - 3*s - 7516, 0 = 2*k - 2*s + l + 3106. Let b = -2494 - k. Is b composite?
True
Let z = 451338 + -314356. Is z a prime number?
False
Let j = 4642 + 89649. Is j a prime number?
True
Let q = 90899 + -35992. Is q prime?
True
Let k(f) = -11 + 4 + 44 - 2 - 448*f + 39. Is k(-9) composite?
True
Let g(w) = -68*w**2 - 18*w - 32. Let c be g(-3). Suppose 0 = p + 3*p + 6292. Let a = c - p. Is a prime?
True
Suppose -3*n + 1265 + 1933 = 0. Let h be (n/(-3))/((-19)/228). Suppose -h = -4*p - 5*r, 0*r - 3*r = 3*p - 3195. Is p composite?
False
Let z(l) be the first derivative of 3*l**2/2 - 3*l + 4. Let r be z(2). Suppose 0 = 2*w - r*a - 2140, 4*a = w - 608 - 467. Is w a prime number?
False
Suppose 19*k + 324634 - 4422108 + 268537 = 0. Is k composite?
True
Let t = -23 - -26. Let z be 6 - 0/(t + 0 + 0). Suppose z*v = 4848 + 1410. Is v composite?
True
Let z(m) = -755*m + 2034*m + 50 + 0. Let w be z(14). Is -2 - w/(-5 - -1) a composite number?
True
Let y(g) = -14*g - g**2 - 22*g + 17 + 38*g. Let w be y(5). Suppose x - 3*c + 1639 = w*x, -x = 4*c - 1641. Is x prime?
False
Let z = -1 - -3. Let y = -3545 + 4296. Suppose z*u - u = y. Is u a composite number?
False
Suppose 3*w - 6 - 45 = 0. Let p(t) = t**3 - 6*t**2 + 20*t - 18. Let a be p(w). Is 24/9*a/12 composite?
True
Suppose -515*m - 23478275 = -600*m. Is m prime?
False
Suppose 8*w - 96 = 64. Suppose -w*g - 1506 = -21*g. Suppose -3*l = -0*l - g. Is l a prime number?
False
Let u = -23035 - -208686. Is u a composite number?
False
Let p = 550703 - 339760. Is p a prime number?
True
Suppose -5*z = g, 8*z = -5*g + 4*z. Suppose g = -49*y + 10*y + 131001. Is y prime?
True
Let k = 115 - 46. Suppose -231121 = -k*n + 58*n. Is n composite?
False
Is -8 + 0 + (80/(-20) - -25445) a composite number?
True
Suppose 0 = 2*c + 3*f + 9, -2*c + 5*f = 2 - 33. Suppose -c*o + 9588 = -k, -2*o - k + 2273 = -4124. Is o a composite number?
True
Let m be (2 - (0 + 1))/1. Let l(u) = m + 14*u - 19 + 30*u. Is l(10) composite?
True
Let p(m) = 1344*m**3 - m**2 + 49*m - 245. Is p(6) prime?
True
Suppose 9*y - 17 = 8*y - 4*p, 3*p + 87 = 4*y. Suppose -23290 = -y*x + 839. Is x a prime number?
False
Let q be (-65)/(-20) - 5/((-60)/9). Let h = 6142 - 1354. Suppose -h = -q*w + 1384. Is w a composite number?
False
Is 2180877/18 + -20 - (-5)/(-6) composite?
False
Is -1*(5 + -8 - -2)*(97944 + -1) composite?
False
Let l be (3/2)/((-154)/40 - -4). Suppose 4312 = l*i - 9658. Is i a composite number?
True
Suppose s + 3*t - 1 = 6, t + 7 = 2*s. Suppose -2*y + 3*u - 6 = 0, -15 = -s*y - u + 1. Is (-7814)/(-8) - (0 + y/(-12)) prime?
True
Let u(k) = 1246*k**2 - 167*k + 1518. Is u(13) a prime number?
False
Let u(j) = 4*j**3 - 2*j**2 - 2*j. Let p = 4 - 7. Let r be u(p). Let t = -62 - r. Is t composite?
True
Suppose 0 = 11*o - 44 - 11. Suppose o*b - 3*z + 3086 = 12690, 9589 = 5*b + 2*z. Is b prime?
False
Let j(t) = -589*t. Let z be j(1). Is (-24)/((-12)/2) - (z - 0) composite?
False
Let t(c) = 96*c**2 - 4*c - 25. Suppose -13*r = 7*r + 100. Is t(r) a prime number?
False
Let i = -79 - -55. Is (-8 - 196/i) + 33827/6 a composite number?
True
Let q(t) be the third derivative of t**6/30 - t**5/30 - 13*t**4/24 - 10*t**3/3 + 2*t**2 + 87. Is q(9) composite?
False
Let r(h) = 907*h + 12. Let l be r(3). Let i = 3909 - l. Let b = i - 797. Is b composite?
False
Let b = 1852 - -1138. Let s = -412 + b. Suppose 4*x + 4*o = s - 926, -1616 = -4*x + 5*o. Is x a composite number?
False
Suppose -24*o - 132447 = 62*o - 959165. Is o composite?
False
Let a(i) = i**2 - 2*i - 1. Let z be a(3). Suppose -k = k - z. Let g(c) = 60*c**3 - 1. Is g(k) a prime number?
True
Let q(r) = 410*r + 6. Let h(l) = -2*l - 4. Let k(s) = -6*h(s) + q(s). Is k(26) composite?
True
Let r(u) = 2 - 15*u + 36*u**3 + 2*u**2 - 35*u**3 - 8 - 8*u**2. Let f be r(8). Is (1/3)/(7/693) - f prime?
True
Let m(y) = y**3 - 11*y**2 - 11*y - 22. Let n be m(12). Is 2 + n + 6 + 332 + -1 a prime number?
False
Suppose 20*j = 31*j - 17754. Let g = 2455 - j. Is g composite?
True
Is 6*9006 + (38 - 23 - 22) a prime number?
False
Let k = 347 - 325. Let z(f) = 333*f - 93. Is z(k) a composite number?
True
Suppose 4*b - 86 = -22. Suppose 0 = -b*u + 8065 + 991. Suppose 4*x - u = 438. Is x composite?
False
Is 147444/(-88)*86/(-3) prime?
False
Let x(n) = n**2 - 5*n - 32. Let c be x(-4). Suppose 2*h - 6*z + z = 2151, 4*z = -c*h + 4288. Is h a composite number?
True
Let a = -1305 + 1314. Let y(g) be the first derivative of 35*g**2/2 + 20*g - 1. Is y(a) a composite number?
True
Is (-2)/22 - (380/456 + (-4901683)/66) composite?
True
Is 1*(1329349 + 19 - -3) a composite number?
False
Let f(v) = v**3 + 27*v**2 + 56*v - 38. Let a be f(-18). Let y = 3213 - a. Is y composite?
True
Suppose 4*c + 12 = d, c - 16 = 5*c - 2*d. Is 374 - (1 + c)*5 a prime number?
True
Suppose 0 = -248*s + 9775814 + 4533042. Is s a composite number?
False
Let y(m) = -200*m - 2365. Is y(-39) a composite number?
True
Let q(p) = -605*p + 3. Let v be 11/(330/72) - 2/5. Suppose 5 = 7*j - 8*j + r, -v*j - 2*r + 2 = 0. Is q(j) a composite number?
False
Suppose 20*z + 4177795 = 5930612 + 4485483. Is z a composite number?
True
Let a = 505746 + -327883. Is a composite?
True
Suppose 0 = -129*c + 149*c - 34193 - 668827. Is c a prime number?
False
Let x = -89331 - -142684. Is x prime?
True
Let i = -21 + 25. Suppose -29865 = -s - i*s. Suppose -12*o + 29361 = s. Is o a prime number?
True
Let z = 3556 - -8307. Suppose -89*i = -88*i - z. Is i a composite number?
False
Suppose -2*h - 2*v + 10 = 0, 0 = -9*h + 6*h - 2*v + 14. Suppose 0 = 3*m - 5*m - 4*o + 1598, -m = -h*o - 811. Is m a prime number?
False
Suppose v - n = 168331, 94*v - 92*v - 336657 = n. Is v a prime number?
False
Let v(l) = -2*l**2 + 16*l - 52. Let q be v(5). Is 13706 - ((-10)/40 + q/8) prime?
True
Let y(h) = -14*h + 34. Let u be y(11). Is 2/(((-90)/u)/(26931/8)) composite?
True
Is ((-14)/(-105))/(-1) - (-1143107)/15 prime?
True
Is 55346 - 3/2*-2 prime?
False
Suppose -47*o + 20186 = -9142. Let s(m) = -m**2 - 7. Let u be s(5). Is ((-4)/6)/(u/o) a prime number?
True
Suppose -7*p = -18*p + 55. Suppose -2*s + 3*y = -371, -2*y - 97 = p*s - 977. Is s composite?
True
Let k(c) = 14*c - 2. Let v be k(1). Let s(f) = 2 - 4671*f - v + 4274*f. Is s(-3) composite?
False
Let v(g) = 7*g**2 + 7*g - 2. Let j be v(-5). Suppose j*z - 129*z = 12591. Is z composite?
False
Suppose -4*d + 3*s + 15 = 0, 2*d + 5*s + 2 = d. Suppose -37 = -5*l - 3*p, 5*p = 2*l + d + 7. Suppose l*t = 6*t - 131. Is t prime?
True
Suppose 3*f - 4*s - 356751 = 0, -3*s = -64*f + 66*f - 237800. Is f a prime number?
False
Suppose 11*d = 3572 - 283. Let p = d - -66. Is p prime?
False
Suppose -c - 3*x = -91046 + 13918, -308542 = -4*c - 2*x. Is c a composite number?
False
Suppose 5516478 = 32*j + 20*j - 839950. Is j a prime number?
False
Suppose p - 5*a = 63307, -15*a - 126524 = -2*p - 20*a. Is p a composite number?
False
Let s = 229073 + -98832. Is s a prime number?
True
Is 7063*29 + (117/21 - (-45)/105) a prime number?
False
Let j(d) = 26350*d**2 + d - 3. Let c be j(1). Suppose -3*h = -0*h - 5*p - 15822, -p - c = -5*h. Is h a composite number?
True
Let y(j) = j**2 - 12*j + 479. Suppose 0 = 81*b - 82*b. Is y(b) composite?
False
Let p(q) = -q**3 - 13*q**2 + 53*q + 76. Let c be 14*((-77)/14 - -4). Is p(c) a composite number?
True
Let u be 16/3*240/64. Suppose 12270 = 4*f - n - 2440, 0 = -n + 2. Is (f/12)/(2/u) prime?
False
Let a(u) = 2*u**2 - 3*u - 28. Let j be a(0). Let d be (-6252)/(-21) + (2 - (-48)/j). Suppose 0 = -w + 2*p - 69 + d, 244 = w + 3*p. Is w composite?
True
Let l = -668 - -671. Suppose 53*o - 32100 = -2*c + 55*o, 0 = -l*c - 2*o + 48145. Is c prime?
False
Let o be 1/(2/11960 + 0). Suppose -7*f + 3*f - 2*d = -4814, 5*f - o = 5*d. Is f prime?
True
Let r(h) = -6*h + 10. Let y be r(4). Let f be 56/(-16)*12/y. Suppose -720 = -2*n - 2*q + f*q, 0 = 2*n - 2*q - 724. Is n composite?
True
Suppose -40*w - 31*w + 8977249 = 56*w. Is w prime?
True
Let p(z) = 4*z + 62. Let g be p(-19). Let f(j) = 31*j**2 + 23*j + 59. Is f(g) prime?
True
Let c = -223 - -217. Is c - 6/((-54)/9837) prime?
True
Let b = -1 + 2. Let g be (-4)/b + 192 + -2. Let x = -97 + g. Is x a prime number?
True
Let h(s) = 53*s**2 - 3*s + 15. Let l 